{"id":137,"date":"2019-10-10T16:16:46","date_gmt":"2019-10-10T16:16:46","guid":{"rendered":"http:\/\/wordpress.nameless-joy.de\/?page_id=137"},"modified":"2019-10-27T19:28:16","modified_gmt":"2019-10-27T19:28:16","slug":"our-specials","status":"publish","type":"page","link":"https:\/\/nameless-joy.de\/?page_id=137","title":{"rendered":"Sister Act"},"content":{"rendered":"\n<div class=\"wp-block-columns has-2-columns is-layout-flex wp-container-core-columns-is-layout-1 wp-block-columns-is-layout-flex\">\n<div class=\"wp-block-column is-layout-flow wp-block-column-is-layout-flow\">\n<figure class=\"wp-block-image\"><img loading=\"lazy\" decoding=\"async\" width=\"640\" height=\"514\" src=\"http:\/\/wordpress.nameless-joy.de\/wp-content\/uploads\/2019\/10\/sister-act.jpg\" alt=\"Schwestern\" class=\"wp-image-142\" srcset=\"https:\/\/nameless-joy.de\/wp-content\/uploads\/2019\/10\/sister-act.jpg 640w, https:\/\/nameless-joy.de\/wp-content\/uploads\/2019\/10\/sister-act-300x241.jpg 300w\" sizes=\"(max-width: 640px) 100vw, 640px\" \/><figcaption>Andrea Claudia und Eva-Maria<\/figcaption><\/figure>\n\n\n\n<p><\/p>\n<\/div>\n\n\n\n<div class=\"wp-block-column is-layout-flow wp-block-column-is-layout-flow\">\n<p>Bereits seit unserem ersten Projekt, der musikalischen Gestaltung der Jubil\u00e4umsmesse \u201e125 Jahre Kirchenchor Flaesheim\u201c erhielten wir die Unterst\u00fctzung des \u201e<a href=\"https:\/\/www.der-neue-chor.de\/\">Neuen Chor Heroldsbach<\/a>\u201c. Wir nennen ihn schon z\u00e4rtlich unseren \u201eSchwesterchor\u201c, denn unsere Chorleiterinnen Andrea Claudia Kittel und Eva-Maria No\u00e8 sind Schwestern. Au\u00dferdem z\u00e4hlen zu unseren gemeinsam vorgetragenen St\u00fccken mittlerweile auch  Lieder aus dem Film \u201eSister Act\u201d.<br>Gegen diese wunderbaren und perfekt aufeinander abgestimmten S\u00e4ngerinnen und S\u00e4nger h\u00e4tten wir keine Chance zu bestehen, h\u00e4tten sie nicht ein ansonsten anderes umfassenderes Programm! Der \u201eNeue Chor\u201c singt Motetten und Madrigale und geistliche und weltliche Lieder des 20. Jahrhunderts. Nat\u00fcrlich geh\u00f6ren zu dem 150 Lieder umfassenden Repertoire auch Gospels.<br>Zwei Jahre nach unserem ersten gemeinsamen Konzert besuchte  \u201eNameless Joy\u201c die Heroldsbacher S\u00e4ngerinnen und S\u00e4nger zu einem gemeisamen Konzert unter dem Titel \u201e Joyful Songs\u201c in der St. Michael Kirche.<br>Nun besuchen wir uns regelm\u00e4ssig gegenseitig. Es sind viele Freundschaften entstanden. Und es wird erz\u00e4hlt, gelacht und gefeiert und vor allem gesungen. Mindestens ein gemeinsames Konzert findet jedes mal statt. Immer wieder erw\u00e4hnenswert und hoch zu loben sind unsere Chorleiter-Schwestern Eva und Andrea, die so unterschiedliche Ch\u00f6re mit so unterschiedlichem Repertoire mit ihren so unterschiedlichen Methoden klangvoll unter einen Hut und auf eine B\u00fchne bringen!  <\/p>\n<\/div>\n<\/div>\n","protected":false},"excerpt":{"rendered":"<p>Bereits seit unserem ersten Projekt, der musikalischen Gestaltung der Jubil\u00e4umsmesse \u201e125 Jahre Kirchenchor Flaesheim\u201c erhielten wir die Unterst\u00fctzung des \u201eNeuen Chor Heroldsbach\u201c. Wir nennen ihn schon z\u00e4rtlich unseren \u201eSchwesterchor\u201c, denn unsere Chorleiterinnen Andrea Claudia Kittel und Eva-Maria No\u00e8 sind Schwestern.<\/p>\n","protected":false},"author":1,"featured_media":0,"parent":0,"menu_order":0,"comment_status":"closed","ping_status":"closed","template":"","meta":{"footnotes":""},"class_list":["post-137","page","type-page","status-publish","hentry"],"_links":{"self":[{"href":"https:\/\/nameless-joy.de\/index.php?rest_route=\/wp\/v2\/pages\/137"}],"collection":[{"href":"https:\/\/nameless-joy.de\/index.php?rest_route=\/wp\/v2\/pages"}],"about":[{"href":"https:\/\/nameless-joy.de\/index.php?rest_route=\/wp\/v2\/types\/page"}],"author":[{"embeddable":true,"href":"https:\/\/nameless-joy.de\/index.php?rest_route=\/wp\/v2\/users\/1"}],"replies":[{"embeddable":true,"href":"https:\/\/nameless-joy.de\/index.php?rest_route=%2Fwp%2Fv2%2Fcomments&post=137"}],"version-history":[{"count":12,"href":"https:\/\/nameless-joy.de\/index.php?rest_route=\/wp\/v2\/pages\/137\/revisions"}],"predecessor-version":[{"id":224,"href":"https:\/\/nameless-joy.de\/index.php?rest_route=\/wp\/v2\/pages\/137\/revisions\/224"}],"wp:attachment":[{"href":"https:\/\/nameless-joy.de\/index.php?rest_route=%2Fwp%2Fv2%2Fmedia&parent=137"}],"curies":[{"name":"wp","href":"https:\/\/api.w.org\/{rel}","templated":true}]}}